{"id":3,"date":"2025-07-22T03:23:45","date_gmt":"2025-07-22T03:23:45","guid":{"rendered":"https:\/\/edumartpro.vn\/?page_id=3"},"modified":"2025-10-29T09:45:25","modified_gmt":"2025-10-29T09:45:25","slug":"qua-tang-giao-duc","status":"publish","type":"page","link":"https:\/\/edumartpro.vn\/?page_id=3","title":{"rendered":"QU\u00c0 T\u1eb6NG GI\u00c1O D\u1ee4C"},"content":{"rendered":"\n<p>Qu\u00e0 T\u1eb7ng Gi\u00e1o D\u1ee5c l\u00e0 s\u1ef1 k\u1ebft h\u1ee3p tinh t\u1ebf gi\u1eefa gi\u00e1 tr\u1ecb tri th\u1ee9c v\u00e0 ngh\u1ec7 thu\u1eadt giao ti\u1ebfp \u0111\u1ea7y nh\u00e2n v\u0103n. Kh\u00f4ng ch\u1ec9 th\u1ec3 hi\u1ec7n s\u1ef1 tr\u00e2n tr\u1ecdng, m\u00e0 c\u00f2n \u0111\u00f3ng vai tr\u00f2 nh\u01b0 m\u1ed9t \u201c\u0111\u1ea1i s\u1ee9 th\u1ea7m l\u1eb7ng\u201d truy\u1ec1n t\u1ea3i h\u00ecnh \u1ea3nh chuy\u00ean nghi\u1ec7p, hi\u1ec7n \u0111\u1ea1i c\u1ee7a nh\u00e0 tr\u01b0\u1eddng. Qu\u00e0 t\u1eb7ng kh\u00f4ng ch\u1ec9 \u0111\u01b0\u1ee3c trao tay, m\u00e0 c\u00f2n ch\u1ea1m \u0111\u1ebfn tr\u00e1i tim \u2013 nu\u00f4i d\u01b0\u1ee1ng s\u1ef1 \u0111\u1ed3ng h\u00e0nh, tin t\u01b0\u1edfng v\u00e0 s\u1ebb chia trong h\u00e0nh tr\u00ecnh gi\u00e1o d\u1ee5c.<\/p>\n\n\n\n<p><br>\u0110\u01b0\u1ee3c \u0111\u1ea7u t\u01b0 ch\u1ec9n chu t\u1eeb thi\u1ebft k\u1ebf \u0111\u1ebfn th\u00f4ng \u0111i\u1ec7p, m\u1ed7i m\u00f3n qu\u00e0 g\u00f3p ph\u1ea7n t\u1ea1o d\u1ef1ng k\u1ebft n\u1ed1i c\u1ea3m x\u00fac v\u00e0 lan t\u1ecfa gi\u00e1 tr\u1ecb b\u1ec1n v\u1eefng \u0111\u1ebfn ph\u1ee5 huynh, h\u1ecdc sinh v\u00e0 \u0111\u1ed1i t\u00e1c<\/p>\n\n\n\n<div class=\"wp-block-columns alignwide are-vertically-aligned-center has-background-color-background-color has-background is-layout-flex wp-container-core-columns-is-layout-28f84493 wp-block-columns-is-layout-flex\">\n<div class=\"wp-block-column is-vertically-aligned-center is-layout-flow wp-block-column-is-layout-flow\" style=\"flex-basis:33.33%\">\n<figure class=\"wp-block-image size-large\"><a href=\"https:\/\/edumartpro.vn\/?page_id=54\"><img fetchpriority=\"high\" decoding=\"async\" width=\"1024\" height=\"1024\" src=\"https:\/\/edumartpro.vn\/wp-content\/uploads\/2025\/07\/giftts-1024x1024.jpg\" alt=\"\" class=\"wp-image-221\" srcset=\"https:\/\/edumartpro.vn\/wp-content\/uploads\/2025\/07\/giftts-1024x1024.jpg 1024w, https:\/\/edumartpro.vn\/wp-content\/uploads\/2025\/07\/giftts-300x300.jpg 300w, https:\/\/edumartpro.vn\/wp-content\/uploads\/2025\/07\/giftts-150x150.jpg 150w, https:\/\/edumartpro.vn\/wp-content\/uploads\/2025\/07\/giftts-768x768.jpg 768w, https:\/\/edumartpro.vn\/wp-content\/uploads\/2025\/07\/giftts-1536x1536.jpg 1536w, https:\/\/edumartpro.vn\/wp-content\/uploads\/2025\/07\/giftts.jpg 2048w\" sizes=\"(max-width: 1024px) 100vw, 1024px\" \/><\/a><\/figure>\n<\/div>\n\n\n\n<div class=\"wp-block-column is-vertically-aligned-center is-layout-flow wp-block-column-is-layout-flow\" style=\"flex-basis:66.66%\">\n<p style=\"padding-top:var(--wp--preset--spacing--70);padding-right:var(--wp--preset--spacing--70);padding-bottom:var(--wp--preset--spacing--70);padding-left:var(--wp--preset--spacing--70)\"><strong>Qu\u00e0 T\u1eb7ng Tuy\u1ec3n Sinh<br><\/strong>L\u00e0 l\u1eddi ch\u00e0o \u0111\u00f3n tinh t\u1ebf, m\u1edf \u0111\u1ea7u cho s\u1ef1 k\u1ebft n\u1ed1i ch\u00e2n th\u00e0nh, t\u1ea1o thi\u1ec7n c\u1ea3m cho ph\u1ee5 huynh v\u00e0 h\u1ecdc sinh. Qua t\u1eebng m\u00f3n qu\u00e0, nh\u00e0 tr\u01b0\u1eddng truy\u1ec1n \u0111i th\u00f4ng \u0111i\u1ec7p m\u1ed7i h\u1ecdc sinh \u0111\u1ec1u \u0111\u01b0\u1ee3c tr\u00e2n tr\u1ecdng v\u00e0 ch\u00e0o \u0111\u00f3n b\u1eb1ng s\u1ef1 quan t\u00e2m ch\u00e2n th\u00e0nh. <a href=\"https:\/\/edumartpro.vn\/?page_id=54\"><mark style=\"background-color:rgba(0, 0, 0, 0)\" class=\"has-inline-color has-accent-color\">&gt;&gt;&gt;<\/mark><\/a><\/p>\n<\/div>\n<\/div>\n\n\n\n<div class=\"wp-block-columns alignwide are-vertically-aligned-center has-background-color-background-color has-background is-layout-flex wp-container-core-columns-is-layout-28f84493 wp-block-columns-is-layout-flex\">\n<div class=\"wp-block-column is-vertically-aligned-center is-layout-flow wp-block-column-is-layout-flow\" style=\"flex-basis:33.33%\">\n<figure class=\"wp-block-image size-large\"><a href=\"https:\/\/edumartpro.vn\/?page_id=56\"><img decoding=\"async\" width=\"1024\" height=\"1024\" data-src=\"https:\/\/edumartpro.vn\/wp-content\/uploads\/2025\/07\/gifttn-1024x1024.jpg\" alt=\"\" class=\"wp-image-226 lazyload\" data-srcset=\"https:\/\/edumartpro.vn\/wp-content\/uploads\/2025\/07\/gifttn-1024x1024.jpg 1024w, https:\/\/edumartpro.vn\/wp-content\/uploads\/2025\/07\/gifttn-300x300.jpg 300w, https:\/\/edumartpro.vn\/wp-content\/uploads\/2025\/07\/gifttn-150x150.jpg 150w, https:\/\/edumartpro.vn\/wp-content\/uploads\/2025\/07\/gifttn-768x768.jpg 768w, https:\/\/edumartpro.vn\/wp-content\/uploads\/2025\/07\/gifttn-1536x1536.jpg 1536w, https:\/\/edumartpro.vn\/wp-content\/uploads\/2025\/07\/gifttn.jpg 2048w\" data-sizes=\"(max-width: 1024px) 100vw, 1024px\" src=\"data:image\/svg+xml;base64,PHN2ZyB3aWR0aD0iMSIgaGVpZ2h0PSIxIiB4bWxucz0iaHR0cDovL3d3dy53My5vcmcvMjAwMC9zdmciPjwvc3ZnPg==\" style=\"--smush-placeholder-width: 1024px; --smush-placeholder-aspect-ratio: 1024\/1024;\" \/><\/a><\/figure>\n<\/div>\n\n\n\n<div class=\"wp-block-column is-vertically-aligned-center is-layout-flow wp-block-column-is-layout-flow\" style=\"flex-basis:66.66%\">\n<p style=\"padding-top:var(--wp--preset--spacing--70);padding-right:var(--wp--preset--spacing--70);padding-bottom:var(--wp--preset--spacing--70);padding-left:var(--wp--preset--spacing--70)\"><strong>Qu\u00e0 T\u1eb7ng T\u1ed1t Nghi\u1ec7p<\/strong><br>L\u00e0 l\u1eddi ch\u00fac m\u1eebng \u00fd ngh\u0129a \u0111\u00e1nh d\u1ea5u c\u1ed9t m\u1ed1c quan tr\u1ecdng trong h\u00e0nh tr\u00ecnh tr\u01b0\u1edfng th\u00e0nh c\u1ee7a m\u1ed7i h\u1ecdc sinh \u2013 sinh vi\u00ean. B\u00ean c\u1ea1nh \u0111\u00f3 g\u1eedi th\u00f4ng \u0111i\u1ec7p \u0111\u1ed9ng vi\u00ean, ti\u1ebfp th\u00eam ni\u1ec1m tin &#8211; c\u1ea3m h\u1ee9ng cho nh\u1eefng b\u01b0\u1edbc \u0111i t\u01b0\u01a1ng lai. <a href=\"https:\/\/edumartpro.vn\/?page_id=56\"><mark style=\"background-color:rgba(0, 0, 0, 0)\" class=\"has-inline-color has-accent-color\">&gt;&gt;&gt;<\/mark><\/a><\/p>\n<\/div>\n<\/div>\n\n\n\n<div class=\"wp-block-columns alignwide are-vertically-aligned-center has-background-color-background-color has-background is-layout-flex wp-container-core-columns-is-layout-28f84493 wp-block-columns-is-layout-flex\">\n<div class=\"wp-block-column is-vertically-aligned-center is-layout-flow wp-block-column-is-layout-flow\" style=\"flex-basis:33.33%\">\n<figure class=\"wp-block-image size-large\"><a href=\"https:\/\/edumartpro.vn\/?page_id=60\"><img decoding=\"async\" width=\"1024\" height=\"1024\" data-src=\"https:\/\/edumartpro.vn\/wp-content\/uploads\/2025\/07\/knc-1024x1024.jpg\" alt=\"\" class=\"wp-image-225 lazyload\" data-srcset=\"https:\/\/edumartpro.vn\/wp-content\/uploads\/2025\/07\/knc-1024x1024.jpg 1024w, https:\/\/edumartpro.vn\/wp-content\/uploads\/2025\/07\/knc-300x300.jpg 300w, https:\/\/edumartpro.vn\/wp-content\/uploads\/2025\/07\/knc-150x150.jpg 150w, https:\/\/edumartpro.vn\/wp-content\/uploads\/2025\/07\/knc-768x768.jpg 768w, https:\/\/edumartpro.vn\/wp-content\/uploads\/2025\/07\/knc-1536x1536.jpg 1536w, https:\/\/edumartpro.vn\/wp-content\/uploads\/2025\/07\/knc.jpg 2048w\" data-sizes=\"(max-width: 1024px) 100vw, 1024px\" src=\"data:image\/svg+xml;base64,PHN2ZyB3aWR0aD0iMSIgaGVpZ2h0PSIxIiB4bWxucz0iaHR0cDovL3d3dy53My5vcmcvMjAwMC9zdmciPjwvc3ZnPg==\" style=\"--smush-placeholder-width: 1024px; --smush-placeholder-aspect-ratio: 1024\/1024;\" \/><\/a><\/figure>\n<\/div>\n\n\n\n<div class=\"wp-block-column is-vertically-aligned-center is-layout-flow wp-block-column-is-layout-flow\" style=\"flex-basis:66.66%\">\n<p style=\"padding-top:var(--wp--preset--spacing--70);padding-right:var(--wp--preset--spacing--70);padding-bottom:var(--wp--preset--spacing--70);padding-left:var(--wp--preset--spacing--70)\"><strong>Qu\u00e0 T\u1eb7ng Khen Th\u01b0\u1edfng<\/strong><br>L\u00e0 l\u1eddi c\u1ea3m \u01a1n s\u00e2u s\u1eafc d\u00e0nh cho s\u1ef1 n\u1ed7 l\u1ef1c v\u00e0 c\u1ed1ng hi\u1ebfn, bi\u1ec3u t\u01b0\u1ee3ng c\u1ee7a s\u1ef1 t\u00f4n tr\u1ecdng, tr\u00e2n qu\u00fd v\u00e0 g\u1eafn b\u00f3 l\u00e2u d\u00e0i. \u0110\u1ed1i v\u1edbi h\u1ecdc sinh, sinh vi\u00ean, \u0111\u00f3 l\u00e0 ngu\u1ed3n \u0111\u1ed9ng vi\u00ean tinh th\u1ea7n, kh\u01a1i d\u1eady ni\u1ec1m t\u1ef1 h\u00e0o v\u00e0 \u0111\u1ed9ng l\u1ef1c ti\u1ebfp b\u01b0\u1edbc. <a href=\"https:\/\/edumartpro.vn\/?page_id=60\"><mark style=\"background-color:rgba(0, 0, 0, 0)\" class=\"has-inline-color has-accent-color\">&gt;&gt;&gt;<\/mark><\/a><\/p>\n<\/div>\n<\/div>\n\n\n\n<div class=\"wp-block-columns alignwide are-vertically-aligned-center has-background-color-background-color has-background is-layout-flex wp-container-core-columns-is-layout-28f84493 wp-block-columns-is-layout-flex\">\n<div class=\"wp-block-column is-vertically-aligned-center is-layout-flow wp-block-column-is-layout-flow\" style=\"flex-basis:33.33%\">\n<figure class=\"wp-block-image size-full\"><a href=\"https:\/\/edumartpro.vn\/?page_id=58\"><img decoding=\"async\" width=\"1024\" height=\"1024\" data-src=\"https:\/\/edumartpro.vn\/wp-content\/uploads\/2025\/08\/Quatet.jpg\" alt=\"\" class=\"wp-image-493 lazyload\" data-srcset=\"https:\/\/edumartpro.vn\/wp-content\/uploads\/2025\/08\/Quatet.jpg 1024w, https:\/\/edumartpro.vn\/wp-content\/uploads\/2025\/08\/Quatet-300x300.jpg 300w, https:\/\/edumartpro.vn\/wp-content\/uploads\/2025\/08\/Quatet-150x150.jpg 150w, https:\/\/edumartpro.vn\/wp-content\/uploads\/2025\/08\/Quatet-768x768.jpg 768w\" data-sizes=\"(max-width: 1024px) 100vw, 1024px\" src=\"data:image\/svg+xml;base64,PHN2ZyB3aWR0aD0iMSIgaGVpZ2h0PSIxIiB4bWxucz0iaHR0cDovL3d3dy53My5vcmcvMjAwMC9zdmciPjwvc3ZnPg==\" style=\"--smush-placeholder-width: 1024px; --smush-placeholder-aspect-ratio: 1024\/1024;\" \/><\/a><\/figure>\n<\/div>\n\n\n\n<div class=\"wp-block-column is-vertically-aligned-center is-layout-flow wp-block-column-is-layout-flow\" style=\"flex-basis:66.66%\">\n<p style=\"padding-top:var(--wp--preset--spacing--70);padding-right:var(--wp--preset--spacing--70);padding-bottom:var(--wp--preset--spacing--70);padding-left:var(--wp--preset--spacing--70)\"><strong>Qu\u00e0 T\u1eb7ng L\u1ec5 \u2013 T\u1ebft <\/strong><br>Kh\u00f4ng ch\u1ec9 l\u00e0 l\u1eddi ch\u00fac m\u1eebng n\u0103m m\u1edbi ho\u1eb7c d\u1ecbp ng\u00e0y l\u1ec5, m\u00e0 c\u00f2n l\u00e0 s\u1ef1 quan t\u00e2m, g\u1eafn k\u1ebft v\u00e0 s\u1ebb chia ch\u00e2n th\u00e0nh. \u0110\u00f3 l\u00e0 n\u00e9t \u0111\u1eb9p trong v\u0103n h\u00f3a tri \u00e2n, th\u1ec3 hi\u1ec7n s\u1ef1 tr\u00e2n tr\u1ecdng d\u00e0nh cho h\u1ecdc sinh, sinh vi\u00ean, gi\u1ea3ng vi\u00ean v\u00e0 \u0111\u1ed9i ng\u0169 c\u00e1n b\u1ed9. <a href=\"https:\/\/edumartpro.vn\/?page_id=58\">&gt;&gt;&gt;<\/a><\/p>\n<\/div>\n<\/div>\n\n\n\n<hr class=\"wp-block-separator has-alpha-channel-opacity\"\/>\n\n\n\n<p><\/p>\n","protected":false},"excerpt":{"rendered":"<p>Qu\u00e0 T\u1eb7ng Gi\u00e1o D\u1ee5c l\u00e0 s\u1ef1 k\u1ebft h\u1ee3p tinh t\u1ebf gi\u1eefa gi\u00e1 tr\u1ecb tri th\u1ee9c v\u00e0 ngh\u1ec7 thu\u1eadt giao ti\u1ebfp \u0111\u1ea7y nh\u00e2n v\u0103n. Kh\u00f4ng ch\u1ec9 th\u1ec3 hi\u1ec7n s\u1ef1 tr\u00e2n tr\u1ecdng, m\u00e0 c\u00f2n \u0111\u00f3ng vai tr\u00f2 nh\u01b0 m\u1ed9t \u201c\u0111\u1ea1i s\u1ee9 th\u1ea7m l\u1eb7ng\u201d truy\u1ec1n t\u1ea3i h\u00ecnh \u1ea3nh chuy\u00ean nghi\u1ec7p, hi\u1ec7n \u0111\u1ea1i c\u1ee7a [&hellip;]<\/p>\n","protected":false},"author":1,"featured_media":0,"parent":0,"menu_order":0,"comment_status":"closed","ping_status":"closed","template":"","meta":{"footnotes":""},"class_list":["post-3","page","type-page","status-publish","hentry"],"yoast_head":"<!-- This site is optimized with the Yoast SEO plugin v27.3 - https:\/\/yoast.com\/product\/yoast-seo-wordpress\/ -->\n<title>QU\u00c0 T\u1eb6NG GI\u00c1O D\u1ee4C<\/title>\n<meta name=\"description\" content=\"Qu\u00e0 t\u1eb7ng gi\u00e1o d\u1ee5c \u2013 Gi\u1ea3i ph\u00e1p tri \u00e2n v\u00e0 khen th\u01b0\u1edfng \u00fd ngh\u0129a, lan t\u1ecfa tri th\u1ee9c v\u00e0 gi\u00e1 tr\u1ecb nh\u00e2n v\u0103n trong m\u00f4i tr\u01b0\u1eddng h\u1ecdc \u0111\u01b0\u1eddng.\" \/>\n<meta name=\"robots\" content=\"index, follow, max-snippet:-1, max-image-preview:large, max-video-preview:-1\" \/>\n<link rel=\"canonical\" href=\"https:\/\/edumartpro.vn\/?page_id=3\" \/>\n<meta property=\"og:locale\" content=\"vi_VN\" \/>\n<meta property=\"og:type\" content=\"article\" \/>\n<meta property=\"og:title\" content=\"QU\u00c0 T\u1eb6NG GI\u00c1O D\u1ee4C\" \/>\n<meta property=\"og:description\" content=\"Qu\u00e0 t\u1eb7ng gi\u00e1o d\u1ee5c \u2013 Gi\u1ea3i ph\u00e1p tri \u00e2n v\u00e0 khen th\u01b0\u1edfng \u00fd ngh\u0129a, lan t\u1ecfa tri th\u1ee9c v\u00e0 gi\u00e1 tr\u1ecb nh\u00e2n v\u0103n trong m\u00f4i tr\u01b0\u1eddng h\u1ecdc \u0111\u01b0\u1eddng.\" \/>\n<meta property=\"og:url\" content=\"https:\/\/edumartpro.vn\/?page_id=3\" \/>\n<meta property=\"og:site_name\" content=\"EduMartPro\" \/>\n<meta property=\"article:modified_time\" content=\"2025-10-29T09:45:25+00:00\" \/>\n<meta property=\"og:image\" content=\"https:\/\/edumartpro.vn\/wp-content\/uploads\/2025\/07\/giftts.jpg\" \/>\n\t<meta property=\"og:image:width\" content=\"2048\" \/>\n\t<meta property=\"og:image:height\" content=\"2048\" \/>\n\t<meta property=\"og:image:type\" content=\"image\/jpeg\" \/>\n<meta name=\"twitter:card\" content=\"summary_large_image\" \/>\n<meta name=\"twitter:label1\" content=\"\u01af\u1edbc t\u00ednh th\u1eddi gian \u0111\u1ecdc\" \/>\n\t<meta name=\"twitter:data1\" content=\"3 ph\u00fat\" \/>\n<script type=\"application\/ld+json\" class=\"yoast-schema-graph\">{\"@context\":\"https:\\\/\\\/schema.org\",\"@graph\":[{\"@type\":\"WebPage\",\"@id\":\"https:\\\/\\\/edumartpro.vn\\\/?page_id=3\",\"url\":\"https:\\\/\\\/edumartpro.vn\\\/?page_id=3\",\"name\":\"QU\u00c0 T\u1eb6NG GI\u00c1O D\u1ee4C\",\"isPartOf\":{\"@id\":\"https:\\\/\\\/edumartpro.vn\\\/#website\"},\"primaryImageOfPage\":{\"@id\":\"https:\\\/\\\/edumartpro.vn\\\/?page_id=3#primaryimage\"},\"image\":{\"@id\":\"https:\\\/\\\/edumartpro.vn\\\/?page_id=3#primaryimage\"},\"thumbnailUrl\":\"https:\\\/\\\/edumartpro.vn\\\/wp-content\\\/uploads\\\/2025\\\/07\\\/giftts-1024x1024.jpg\",\"datePublished\":\"2025-07-22T03:23:45+00:00\",\"dateModified\":\"2025-10-29T09:45:25+00:00\",\"description\":\"Qu\u00e0 t\u1eb7ng gi\u00e1o d\u1ee5c \u2013 Gi\u1ea3i ph\u00e1p tri \u00e2n v\u00e0 khen th\u01b0\u1edfng \u00fd ngh\u0129a, lan t\u1ecfa tri th\u1ee9c v\u00e0 gi\u00e1 tr\u1ecb nh\u00e2n v\u0103n trong m\u00f4i tr\u01b0\u1eddng h\u1ecdc \u0111\u01b0\u1eddng.\",\"breadcrumb\":{\"@id\":\"https:\\\/\\\/edumartpro.vn\\\/?page_id=3#breadcrumb\"},\"inLanguage\":\"vi\",\"potentialAction\":[{\"@type\":\"ReadAction\",\"target\":[\"https:\\\/\\\/edumartpro.vn\\\/?page_id=3\"]}]},{\"@type\":\"ImageObject\",\"inLanguage\":\"vi\",\"@id\":\"https:\\\/\\\/edumartpro.vn\\\/?page_id=3#primaryimage\",\"url\":\"https:\\\/\\\/edumartpro.vn\\\/wp-content\\\/uploads\\\/2025\\\/07\\\/giftts.jpg\",\"contentUrl\":\"https:\\\/\\\/edumartpro.vn\\\/wp-content\\\/uploads\\\/2025\\\/07\\\/giftts.jpg\",\"width\":2048,\"height\":2048},{\"@type\":\"BreadcrumbList\",\"@id\":\"https:\\\/\\\/edumartpro.vn\\\/?page_id=3#breadcrumb\",\"itemListElement\":[{\"@type\":\"ListItem\",\"position\":1,\"name\":\"Trang ch\u1ee7\",\"item\":\"https:\\\/\\\/edumartpro.vn\\\/\"},{\"@type\":\"ListItem\",\"position\":2,\"name\":\"QU\u00c0 T\u1eb6NG GI\u00c1O D\u1ee4C\"}]},{\"@type\":\"WebSite\",\"@id\":\"https:\\\/\\\/edumartpro.vn\\\/#website\",\"url\":\"https:\\\/\\\/edumartpro.vn\\\/\",\"name\":\"EduMartPro\",\"description\":\"\",\"publisher\":{\"@id\":\"https:\\\/\\\/edumartpro.vn\\\/#organization\"},\"potentialAction\":[{\"@type\":\"SearchAction\",\"target\":{\"@type\":\"EntryPoint\",\"urlTemplate\":\"https:\\\/\\\/edumartpro.vn\\\/?s={search_term_string}\"},\"query-input\":{\"@type\":\"PropertyValueSpecification\",\"valueRequired\":true,\"valueName\":\"search_term_string\"}}],\"inLanguage\":\"vi\"},{\"@type\":\"Organization\",\"@id\":\"https:\\\/\\\/edumartpro.vn\\\/#organization\",\"name\":\"EduMartPro\",\"url\":\"https:\\\/\\\/edumartpro.vn\\\/\",\"logo\":{\"@type\":\"ImageObject\",\"inLanguage\":\"vi\",\"@id\":\"https:\\\/\\\/edumartpro.vn\\\/#\\\/schema\\\/logo\\\/image\\\/\",\"url\":\"https:\\\/\\\/edumartpro.vn\\\/wp-content\\\/uploads\\\/2025\\\/07\\\/cropped-Edu_logo_Web.png\",\"contentUrl\":\"https:\\\/\\\/edumartpro.vn\\\/wp-content\\\/uploads\\\/2025\\\/07\\\/cropped-Edu_logo_Web.png\",\"width\":457,\"height\":304,\"caption\":\"EduMartPro\"},\"image\":{\"@id\":\"https:\\\/\\\/edumartpro.vn\\\/#\\\/schema\\\/logo\\\/image\\\/\"}}]}<\/script>\n<!-- \/ Yoast SEO plugin. -->","yoast_head_json":{"title":"QU\u00c0 T\u1eb6NG GI\u00c1O D\u1ee4C","description":"Qu\u00e0 t\u1eb7ng gi\u00e1o d\u1ee5c \u2013 Gi\u1ea3i ph\u00e1p tri \u00e2n v\u00e0 khen th\u01b0\u1edfng \u00fd ngh\u0129a, lan t\u1ecfa tri th\u1ee9c v\u00e0 gi\u00e1 tr\u1ecb nh\u00e2n v\u0103n trong m\u00f4i tr\u01b0\u1eddng h\u1ecdc \u0111\u01b0\u1eddng.","robots":{"index":"index","follow":"follow","max-snippet":"max-snippet:-1","max-image-preview":"max-image-preview:large","max-video-preview":"max-video-preview:-1"},"canonical":"https:\/\/edumartpro.vn\/?page_id=3","og_locale":"vi_VN","og_type":"article","og_title":"QU\u00c0 T\u1eb6NG GI\u00c1O D\u1ee4C","og_description":"Qu\u00e0 t\u1eb7ng gi\u00e1o d\u1ee5c \u2013 Gi\u1ea3i ph\u00e1p tri \u00e2n v\u00e0 khen th\u01b0\u1edfng \u00fd ngh\u0129a, lan t\u1ecfa tri th\u1ee9c v\u00e0 gi\u00e1 tr\u1ecb nh\u00e2n v\u0103n trong m\u00f4i tr\u01b0\u1eddng h\u1ecdc \u0111\u01b0\u1eddng.","og_url":"https:\/\/edumartpro.vn\/?page_id=3","og_site_name":"EduMartPro","article_modified_time":"2025-10-29T09:45:25+00:00","og_image":[{"width":2048,"height":2048,"url":"https:\/\/edumartpro.vn\/wp-content\/uploads\/2025\/07\/giftts.jpg","type":"image\/jpeg"}],"twitter_card":"summary_large_image","twitter_misc":{"\u01af\u1edbc t\u00ednh th\u1eddi gian \u0111\u1ecdc":"3 ph\u00fat"},"schema":{"@context":"https:\/\/schema.org","@graph":[{"@type":"WebPage","@id":"https:\/\/edumartpro.vn\/?page_id=3","url":"https:\/\/edumartpro.vn\/?page_id=3","name":"QU\u00c0 T\u1eb6NG GI\u00c1O D\u1ee4C","isPartOf":{"@id":"https:\/\/edumartpro.vn\/#website"},"primaryImageOfPage":{"@id":"https:\/\/edumartpro.vn\/?page_id=3#primaryimage"},"image":{"@id":"https:\/\/edumartpro.vn\/?page_id=3#primaryimage"},"thumbnailUrl":"https:\/\/edumartpro.vn\/wp-content\/uploads\/2025\/07\/giftts-1024x1024.jpg","datePublished":"2025-07-22T03:23:45+00:00","dateModified":"2025-10-29T09:45:25+00:00","description":"Qu\u00e0 t\u1eb7ng gi\u00e1o d\u1ee5c \u2013 Gi\u1ea3i ph\u00e1p tri \u00e2n v\u00e0 khen th\u01b0\u1edfng \u00fd ngh\u0129a, lan t\u1ecfa tri th\u1ee9c v\u00e0 gi\u00e1 tr\u1ecb nh\u00e2n v\u0103n trong m\u00f4i tr\u01b0\u1eddng h\u1ecdc \u0111\u01b0\u1eddng.","breadcrumb":{"@id":"https:\/\/edumartpro.vn\/?page_id=3#breadcrumb"},"inLanguage":"vi","potentialAction":[{"@type":"ReadAction","target":["https:\/\/edumartpro.vn\/?page_id=3"]}]},{"@type":"ImageObject","inLanguage":"vi","@id":"https:\/\/edumartpro.vn\/?page_id=3#primaryimage","url":"https:\/\/edumartpro.vn\/wp-content\/uploads\/2025\/07\/giftts.jpg","contentUrl":"https:\/\/edumartpro.vn\/wp-content\/uploads\/2025\/07\/giftts.jpg","width":2048,"height":2048},{"@type":"BreadcrumbList","@id":"https:\/\/edumartpro.vn\/?page_id=3#breadcrumb","itemListElement":[{"@type":"ListItem","position":1,"name":"Trang ch\u1ee7","item":"https:\/\/edumartpro.vn\/"},{"@type":"ListItem","position":2,"name":"QU\u00c0 T\u1eb6NG GI\u00c1O D\u1ee4C"}]},{"@type":"WebSite","@id":"https:\/\/edumartpro.vn\/#website","url":"https:\/\/edumartpro.vn\/","name":"EduMartPro","description":"","publisher":{"@id":"https:\/\/edumartpro.vn\/#organization"},"potentialAction":[{"@type":"SearchAction","target":{"@type":"EntryPoint","urlTemplate":"https:\/\/edumartpro.vn\/?s={search_term_string}"},"query-input":{"@type":"PropertyValueSpecification","valueRequired":true,"valueName":"search_term_string"}}],"inLanguage":"vi"},{"@type":"Organization","@id":"https:\/\/edumartpro.vn\/#organization","name":"EduMartPro","url":"https:\/\/edumartpro.vn\/","logo":{"@type":"ImageObject","inLanguage":"vi","@id":"https:\/\/edumartpro.vn\/#\/schema\/logo\/image\/","url":"https:\/\/edumartpro.vn\/wp-content\/uploads\/2025\/07\/cropped-Edu_logo_Web.png","contentUrl":"https:\/\/edumartpro.vn\/wp-content\/uploads\/2025\/07\/cropped-Edu_logo_Web.png","width":457,"height":304,"caption":"EduMartPro"},"image":{"@id":"https:\/\/edumartpro.vn\/#\/schema\/logo\/image\/"}}]}},"jetpack_sharing_enabled":true,"_links":{"self":[{"href":"https:\/\/edumartpro.vn\/index.php?rest_route=\/wp\/v2\/pages\/3","targetHints":{"allow":["GET"]}}],"collection":[{"href":"https:\/\/edumartpro.vn\/index.php?rest_route=\/wp\/v2\/pages"}],"about":[{"href":"https:\/\/edumartpro.vn\/index.php?rest_route=\/wp\/v2\/types\/page"}],"author":[{"embeddable":true,"href":"https:\/\/edumartpro.vn\/index.php?rest_route=\/wp\/v2\/users\/1"}],"replies":[{"embeddable":true,"href":"https:\/\/edumartpro.vn\/index.php?rest_route=%2Fwp%2Fv2%2Fcomments&post=3"}],"version-history":[{"count":29,"href":"https:\/\/edumartpro.vn\/index.php?rest_route=\/wp\/v2\/pages\/3\/revisions"}],"predecessor-version":[{"id":494,"href":"https:\/\/edumartpro.vn\/index.php?rest_route=\/wp\/v2\/pages\/3\/revisions\/494"}],"wp:attachment":[{"href":"https:\/\/edumartpro.vn\/index.php?rest_route=%2Fwp%2Fv2%2Fmedia&parent=3"}],"curies":[{"name":"wp","href":"https:\/\/api.w.org\/{rel}","templated":true}]}}